{"id":131,"date":"2021-10-09T21:15:48","date_gmt":"2021-10-09T20:15:48","guid":{"rendered":"https:\/\/www.atelier-andrea-werner.de\/?page_id=131"},"modified":"2021-10-09T21:15:49","modified_gmt":"2021-10-09T20:15:49","slug":"widerrufsrecht","status":"publish","type":"page","link":"https:\/\/www.atelier-andrea-werner.de\/?page_id=131","title":{"rendered":"Widerrufsrecht"},"content":{"rendered":"\n<div class=\"wp-block-themeisle-blocks-advanced-columns has-1-columns has-desktop-equal-layout has-tablet-equal-layout has-mobile-equal-layout has-default-gap has-vertical-unset\" id=\"wp-block-themeisle-blocks-advanced-columns-dff995f7\"><div class=\"wp-block-themeisle-blocks-advanced-columns-overlay\"><\/div><div class=\"innerblocks-wrap\">\n<div class=\"wp-block-themeisle-blocks-advanced-column\" id=\"wp-block-themeisle-blocks-advanced-column-a03e1dda\">\n<h1 class=\"wp-block-heading\">Widerrufsrecht<\/h1>\n\n\n\n<h2 class=\"wp-block-heading\">&nbsp;<\/h2>\n\n\n\n<h2 class=\"wp-block-heading\">Widerrufsbelehrung &amp; Widerrufsformular<\/h2>\n\n\n\n<p>Verbrauchern steht ein Widerrufsrecht nach folgender Ma\u00dfgabe zu, wobei Verbraucher&nbsp;jede nat\u00fcrliche Person ist, die ein Rechtsgesch\u00e4ft zu Zwecken abschlie\u00dft, die&nbsp;\u00fcberwiegend weder ihrer gewerblichen noch ihrer selbst\u00e4ndigen beruflichen T\u00e4tigkeit&nbsp;zugerechnet werden k\u00f6nnen:<\/p>\n\n\n\n<h3 class=\"wp-block-heading\">A. Widerrufsbelehrung<\/h3>\n\n\n\n<p><strong>Widerrufsrecht<\/strong><\/p>\n\n\n\n<p>Sie haben das Recht, binnen vierzehn Tagen ohne Angabe von Gr\u00fcnden diesen Vertrag&nbsp;zu widerrufen.<\/p>\n\n\n\n<p>Die Widerrufsfrist betr\u00e4gt vierzehn Tage ab dem Tag, an dem Sie oder ein von Ihnen&nbsp;benannter Dritter, der nicht der Bef\u00f6rderer ist, die letzte Ware in Besitz genommen&nbsp;haben bzw. hat.<\/p>\n\n\n\n<p>Um Ihr Widerrufsrecht auszu\u00fcben, m\u00fcssen Sie uns (Atelier Andrea Werner, Borsbergstra\u00dfe 32, 01309 Dresden, Tel. 0162 2685557, info@atelier-andrea-werner.de) mittels einer eindeutigen Erkl\u00e4rung (z. B. ein mit der Post&nbsp;versandter Brief, Telefax oder E-Mail) \u00fcber Ihren Entschluss, diesen Vertrag zu&nbsp;widerrufen, informieren. Sie k\u00f6nnen daf\u00fcr das beigef\u00fcgte Muster-Widerrufsformular&nbsp;verwenden, das jedoch nicht vorgeschrieben ist.<\/p>\n\n\n\n<p>Zur Wahrung der Widerrufsfrist reicht es aus, dass Sie die Mitteilung \u00fcber die Aus\u00fcbung&nbsp;des Widerrufsrechts vor Ablauf der Widerrufsfrist absenden.<\/p>\n\n\n\n<p><strong>Folgen des Widerrufs<\/strong><\/p>\n\n\n\n<p>Wenn Sie diesen Vertrag widerrufen, haben wir Ihnen alle Zahlungen, die wir von Ihnen&nbsp;erhalten haben, einschlie\u00dflich der Lieferkosten (mit Ausnahme der zus\u00e4tzlichen Kosten,&nbsp;die sich daraus ergeben, dass Sie eine andere Art der Lieferung als die von uns&nbsp;angebotene, g\u00fcnstigste Standardlieferung gew\u00e4hlt haben), unverz\u00fcglich und sp\u00e4testens&nbsp;binnen vierzehn Tagen ab dem Tag zur\u00fcckzuzahlen, an dem die Mitteilung \u00fcber Ihren&nbsp;Widerruf dieses Vertrags bei uns eingegangen ist. F\u00fcr diese R\u00fcckzahlung verwenden wir&nbsp;dasselbe Zahlungsmittel, das Sie bei der urspr\u00fcnglichen Transaktion eingesetzt haben,&nbsp;es sei denn, mit Ihnen wurde ausdr\u00fccklich etwas anderes vereinbart; in keinem Fall&nbsp;werden Ihnen wegen dieser R\u00fcckzahlung Entgelte berechnet. Wir k\u00f6nnen die&nbsp;R\u00fcckzahlung verweigern, bis wir die Waren wieder zur\u00fcckerhalten haben oder bis Sie&nbsp;den Nachweis erbracht haben, dass Sie die Waren zur\u00fcckgesandt haben, je nachdem,&nbsp;welches der fr\u00fchere Zeitpunkt ist.&nbsp;<\/p>\n\n\n\n<p>Sie haben die Waren unverz\u00fcglich und in jedem Fall sp\u00e4testens binnen vierzehn Tagen&nbsp;ab dem Tag, an dem Sie uns \u00fcber den Widerruf dieses Vertrags unterrichten, an uns&nbsp;zur\u00fcckzusenden oder zu \u00fcbergeben. Die Frist ist gewahrt, wenn Sie die Waren vor Ablauf&nbsp;der Frist von vierzehn Tagen absenden.&nbsp;&nbsp;<\/p>\n\n\n\n<p>Sie tragen die unmittelbaren Kosten der R\u00fccksendung der Waren. Die unmittelbaren&nbsp;Kosten der R\u00fccksendung werden hinsichtlich solcher Waren, die aufgrund ihrer&nbsp;Beschaffenheit nicht normal mit der Post an uns zur\u00fcckgesandt werden k\u00f6nnen&nbsp;(Speditionsware), f\u00fcr jede derartige Ware auf h\u00f6chstens etwa 100 Euro gesch\u00e4tzt.&nbsp;Sie m\u00fcssen f\u00fcr einen etwaigen Wertverlust der Waren nur aufkommen, wenn dieser&nbsp;Wertverlust auf einen zur Pr\u00fcfung der Beschaffenheit, Eigenschaften und Funktionsweise&nbsp;der Waren nicht notwendigen Umgang mit ihnen zur\u00fcckzuf\u00fchren ist.&nbsp;<\/p>\n\n\n\n<p><strong>Ausschluss bzw. vorzeitiges Erl\u00f6schen des Widerrufsrechts<\/strong><\/p>\n\n\n\n<p>Das Widerrufsrecht besteht nicht bei Vertr\u00e4gen zur Lieferung von Waren, die nicht&nbsp;vorgefertigt sind und f\u00fcr deren Herstellung eine individuelle Auswahl oder Bestimmung&nbsp;durch den Verbraucher ma\u00dfgeblich ist oder die eindeutig auf die pers\u00f6nlichen&nbsp;Bed\u00fcrfnisse des Verbrauchers zugeschnitten sind.<\/p>\n\n\n\n<p><strong>Verbundene\/finanzierte Gesch\u00e4fte<\/strong><\/p>\n\n\n\n<p>Wenn Sie diesen Vertrag durch ein Darlehen finanzieren und ihn sp\u00e4ter widerrufen, sind&nbsp;Sie auch an den Darlehensvertrag nicht mehr gebunden, sofern beide Vertr\u00e4ge eine&nbsp;wirtschaftliche Einheit bilden. Dies ist insbesondere dann anzunehmen, wenn wir&nbsp;gleichzeitig Ihr Darlehensgeber sind oder wenn sich Ihr Darlehensgeber im Hinblick auf&nbsp;die Finanzierung unserer Mitwirkung bedient. Wenn uns das Darlehen bei&nbsp;Wirksamwerden des Widerrufs oder bei der R\u00fcckgabe der Ware bereits zugeflossen ist,&nbsp;tritt Ihr Darlehensgeber im Verh\u00e4ltnis zu Ihnen hinsichtlich der Rechtsfolgen des&nbsp;Widerrufs oder der R\u00fcckgabe in unsere Rechte und Pflichten aus dem finanzierten&nbsp;Vertrag ein. Letzteres gilt nicht, wenn der vorliegende Vertrag den Erwerb von&nbsp;Finanzinstrumenten (z.B. von Wertpapieren, Devisen oder Derivaten) zum Gegenstand&nbsp;hat. Wollen Sie eine vertragliche Bindung so weitgehend wie m\u00f6glich vermeiden,&nbsp;machen Sie von Ihrem Widerrufsrecht Gebrauch und widerrufen Sie zudem den&nbsp;Darlehensvertrag, wenn Ihnen auch daf\u00fcr ein Widerrufsrecht zusteht.<\/p>\n\n\n\n<p><strong>Allgemeine Hinweise<\/strong><\/p>\n\n\n\n<p>1) Bitte vermeiden Sie Besch\u00e4digungen und Verunreinigungen der Ware. Senden Sie die&nbsp;Ware bitte in Originalverpackung mit s\u00e4mtlichem Zubeh\u00f6r und mit allen&nbsp;Verpackungsbestandteilen an uns zur\u00fcck. Verwenden Sie ggf. eine sch\u00fctzende&nbsp;Umverpackung. Wenn Sie die Originalverpackung nicht mehr besitzen, sorgen Sie bitte&nbsp;mit einer geeigneten Verpackung f\u00fcr einen ausreichenden Schutz vor Transportsch\u00e4den.<br>2) Senden Sie die Ware bitte nicht unfrei an uns zur\u00fcck.<br>3) Bitte beachten Sie, dass die vorgenannten Ziffern 1-2 nicht Voraussetzung f\u00fcr die&nbsp;wirksame Aus\u00fcbung des Widerrufsrechts sind.<\/p>\n\n\n\n<h3 class=\"wp-block-heading\"><strong>B. Widerrufsformular<\/strong><\/h3>\n\n\n\n<p>Wenn Sie den Vertrag widerrufen wollen, dann f\u00fcllen Sie bitte dieses Formular aus und&nbsp;senden es zur\u00fcck.<\/p>\n\n\n\n<p>An<\/p>\n\n\n\n<p>Atelier Andrea Werner<br>Borsbergstra\u00dfe 32<br>01309 Dresden<br>Deutschland<br>E-Mail: info@atelier-andrea-werner.de<\/p>\n\n\n\n<p><br>Hiermit widerrufe(n) ich\/wir (*) den von mir\/uns (*) abgeschlossenen Vertrag \u00fcber den&nbsp;Kauf der folgenden Waren (*)\/die Erbringung der folgenden Dienstleistung (*)<\/p>\n\n\n\n<p><br>__________________________________________________________________________________<\/p>\n\n\n\n<p>__________________________________________________________________________________<\/p>\n\n\n\n<p>Bestellt am (*) ____________________ \/ erhalten am (*) ___________________________<\/p>\n\n\n\n<p>__________________________________________________________________________________<br>Name des\/der Verbraucher(s)<\/p>\n\n\n\n<p>__________________________________________________________________________________<br>Anschrift des\/der Verbraucher(s)<\/p>\n\n\n\n<p>__________________________________________________________________________________<br>Unterschrift des\/der Verbraucher(s) (nur bei Mitteilung auf Papier)<\/p>\n\n\n\n<p>_________________________<br>Datum<\/p>\n\n\n\n<p>(*) Unzutreffendes streichen<\/p>\n<\/div>\n<\/div><\/div>\n","protected":false},"excerpt":{"rendered":"","protected":false},"author":1,"featured_media":0,"parent":0,"menu_order":0,"comment_status":"closed","ping_status":"closed","template":"","meta":{"footnotes":""},"class_list":["post-131","page","type-page","status-publish","hentry"],"jetpack_sharing_enabled":true,"_links":{"self":[{"href":"https:\/\/www.atelier-andrea-werner.de\/index.php?rest_route=\/wp\/v2\/pages\/131","targetHints":{"allow":["GET"]}}],"collection":[{"href":"https:\/\/www.atelier-andrea-werner.de\/index.php?rest_route=\/wp\/v2\/pages"}],"about":[{"href":"https:\/\/www.atelier-andrea-werner.de\/index.php?rest_route=\/wp\/v2\/types\/page"}],"author":[{"embeddable":true,"href":"https:\/\/www.atelier-andrea-werner.de\/index.php?rest_route=\/wp\/v2\/users\/1"}],"replies":[{"embeddable":true,"href":"https:\/\/www.atelier-andrea-werner.de\/index.php?rest_route=%2Fwp%2Fv2%2Fcomments&post=131"}],"version-history":[{"count":1,"href":"https:\/\/www.atelier-andrea-werner.de\/index.php?rest_route=\/wp\/v2\/pages\/131\/revisions"}],"predecessor-version":[{"id":132,"href":"https:\/\/www.atelier-andrea-werner.de\/index.php?rest_route=\/wp\/v2\/pages\/131\/revisions\/132"}],"wp:attachment":[{"href":"https:\/\/www.atelier-andrea-werner.de\/index.php?rest_route=%2Fwp%2Fv2%2Fmedia&parent=131"}],"curies":[{"name":"wp","href":"https:\/\/api.w.org\/{rel}","templated":true}]}}