{"id":208,"date":"2026-03-15T17:39:39","date_gmt":"2026-03-15T16:39:39","guid":{"rendered":"https:\/\/www.atelier-andrea-werner.de\/?post_type=product&#038;p=208"},"modified":"2026-03-20T11:12:16","modified_gmt":"2026-03-20T10:12:16","slug":"fascinator-schwarz-mit-kleinem-tuellschleier","status":"publish","type":"product","link":"https:\/\/www.atelier-andrea-werner.de\/?product=fascinator-schwarz-mit-kleinem-tuellschleier","title":{"rendered":"Fascinator schwarz mit kleinem T\u00fcllschleier"},"content":{"rendered":"<p><img loading=\"lazy\" decoding=\"async\" class=\"alignnone size-medium wp-image-202\" src=\"https:\/\/www.atelier-andrea-werner.de\/wp-content\/uploads\/2026\/02\/CE19C84B-7D19-404C-AAA0-8B1656A99147-225x300.jpeg\" alt=\"\" width=\"225\" height=\"300\" srcset=\"https:\/\/www.atelier-andrea-werner.de\/wp-content\/uploads\/2026\/02\/CE19C84B-7D19-404C-AAA0-8B1656A99147-225x300.jpeg 225w, https:\/\/www.atelier-andrea-werner.de\/wp-content\/uploads\/2026\/02\/CE19C84B-7D19-404C-AAA0-8B1656A99147-768x1024.jpeg 768w, https:\/\/www.atelier-andrea-werner.de\/wp-content\/uploads\/2026\/02\/CE19C84B-7D19-404C-AAA0-8B1656A99147-1152x1536.jpeg 1152w, https:\/\/www.atelier-andrea-werner.de\/wp-content\/uploads\/2026\/02\/CE19C84B-7D19-404C-AAA0-8B1656A99147-1536x2048.jpeg 1536w, https:\/\/www.atelier-andrea-werner.de\/wp-content\/uploads\/2026\/02\/CE19C84B-7D19-404C-AAA0-8B1656A99147-370x493.jpeg 370w, https:\/\/www.atelier-andrea-werner.de\/wp-content\/uploads\/2026\/02\/CE19C84B-7D19-404C-AAA0-8B1656A99147-1040x1387.jpeg 1040w, https:\/\/www.atelier-andrea-werner.de\/wp-content\/uploads\/2026\/02\/CE19C84B-7D19-404C-AAA0-8B1656A99147-600x800.jpeg 600w, https:\/\/www.atelier-andrea-werner.de\/wp-content\/uploads\/2026\/02\/CE19C84B-7D19-404C-AAA0-8B1656A99147-scaled.jpeg 1920w\" sizes=\"auto, (max-width: 225px) 100vw, 225px\" \/><img loading=\"lazy\" decoding=\"async\" class=\"alignnone size-medium wp-image-203\" src=\"https:\/\/www.atelier-andrea-werner.de\/wp-content\/uploads\/2026\/02\/D4A48516-7312-4EE6-BD39-C55D283D8250-225x300.jpeg\" alt=\"\" width=\"225\" height=\"300\" srcset=\"https:\/\/www.atelier-andrea-werner.de\/wp-content\/uploads\/2026\/02\/D4A48516-7312-4EE6-BD39-C55D283D8250-225x300.jpeg 225w, https:\/\/www.atelier-andrea-werner.de\/wp-content\/uploads\/2026\/02\/D4A48516-7312-4EE6-BD39-C55D283D8250-768x1024.jpeg 768w, https:\/\/www.atelier-andrea-werner.de\/wp-content\/uploads\/2026\/02\/D4A48516-7312-4EE6-BD39-C55D283D8250-1152x1536.jpeg 1152w, https:\/\/www.atelier-andrea-werner.de\/wp-content\/uploads\/2026\/02\/D4A48516-7312-4EE6-BD39-C55D283D8250-1536x2048.jpeg 1536w, https:\/\/www.atelier-andrea-werner.de\/wp-content\/uploads\/2026\/02\/D4A48516-7312-4EE6-BD39-C55D283D8250-370x493.jpeg 370w, https:\/\/www.atelier-andrea-werner.de\/wp-content\/uploads\/2026\/02\/D4A48516-7312-4EE6-BD39-C55D283D8250-1040x1387.jpeg 1040w, https:\/\/www.atelier-andrea-werner.de\/wp-content\/uploads\/2026\/02\/D4A48516-7312-4EE6-BD39-C55D283D8250-600x800.jpeg 600w, https:\/\/www.atelier-andrea-werner.de\/wp-content\/uploads\/2026\/02\/D4A48516-7312-4EE6-BD39-C55D283D8250-scaled.jpeg 1920w\" sizes=\"auto, (max-width: 225px) 100vw, 225px\" \/><\/p>\n<p>T\u00fcllstickerei mit 3-D-Applikationen<\/p>\n<p>Gr\u00f6\u00dfe 23cm<\/p>\n","protected":false},"excerpt":{"rendered":"<p>T\u00fcllstickerei mit 3-D-Applikationen Gr\u00f6\u00dfe 23cm<\/p>\n","protected":false},"featured_media":202,"comment_status":"open","ping_status":"closed","template":"","meta":[],"product_brand":[],"product_cat":[15,44],"product_tag":[],"class_list":{"0":"post-208","1":"product","2":"type-product","3":"status-publish","4":"has-post-thumbnail","6":"product_cat-unkategorisiert","7":"product_cat-fascinator","9":"first","10":"instock","11":"sold-individually","12":"shipping-taxable","13":"purchasable","14":"product-type-simple"},"jetpack_sharing_enabled":true,"_links":{"self":[{"href":"https:\/\/www.atelier-andrea-werner.de\/index.php?rest_route=\/wp\/v2\/product\/208","targetHints":{"allow":["GET"]}}],"collection":[{"href":"https:\/\/www.atelier-andrea-werner.de\/index.php?rest_route=\/wp\/v2\/product"}],"about":[{"href":"https:\/\/www.atelier-andrea-werner.de\/index.php?rest_route=\/wp\/v2\/types\/product"}],"replies":[{"embeddable":true,"href":"https:\/\/www.atelier-andrea-werner.de\/index.php?rest_route=%2Fwp%2Fv2%2Fcomments&post=208"}],"wp:featuredmedia":[{"embeddable":true,"href":"https:\/\/www.atelier-andrea-werner.de\/index.php?rest_route=\/wp\/v2\/media\/202"}],"wp:attachment":[{"href":"https:\/\/www.atelier-andrea-werner.de\/index.php?rest_route=%2Fwp%2Fv2%2Fmedia&parent=208"}],"wp:term":[{"taxonomy":"product_brand","embeddable":true,"href":"https:\/\/www.atelier-andrea-werner.de\/index.php?rest_route=%2Fwp%2Fv2%2Fproduct_brand&post=208"},{"taxonomy":"product_cat","embeddable":true,"href":"https:\/\/www.atelier-andrea-werner.de\/index.php?rest_route=%2Fwp%2Fv2%2Fproduct_cat&post=208"},{"taxonomy":"product_tag","embeddable":true,"href":"https:\/\/www.atelier-andrea-werner.de\/index.php?rest_route=%2Fwp%2Fv2%2Fproduct_tag&post=208"}],"curies":[{"name":"wp","href":"https:\/\/api.w.org\/{rel}","templated":true}]}}

Fascinator schwarz mit kleinem Tüllschleier

<p><img loading="lazy" decoding="async" class="alignnone size-medium wp-image-202" src="https://www.atelier-andrea-werner.de/wp-content/uploads/2026/02/CE19C84B-7D19-404C-AAA0-8B1656A99147-225x300.jpeg" alt="" width="225" height="300" srcset="https://www.atelier-andrea-werner.de/wp-content/uploads/2026/02/CE19C84B-7D19-404C-AAA0-8B1656A99147-225x300.jpeg 225w, https://www.atelier-andrea-werner.de/wp-content/uploads/2026/02/CE19C84B-7D19-404C-AAA0-8B1656A99147-768x1024.jpeg 768w, https://www.atelier-andrea-werner.de/wp-content/uploads/2026/02/CE19C84B-7D19-404C-AAA0-8B1656A99147-1152x1536.jpeg 1152w, https://www.atelier-andrea-werner.de/wp-content/uploads/2026/02/CE19C84B-7D19-404C-AAA0-8B1656A99147-1536x2048.jpeg 1536w, https://www.atelier-andrea-werner.de/wp-content/uploads/2026/02/CE19C84B-7D19-404C-AAA0-8B1656A99147-370x493.jpeg 370w, https://www.atelier-andrea-werner.de/wp-content/uploads/2026/02/CE19C84B-7D19-404C-AAA0-8B1656A99147-1040x1387.jpeg 1040w, https://www.atelier-andrea-werner.de/wp-content/uploads/2026/02/CE19C84B-7D19-404C-AAA0-8B1656A99147-600x800.jpeg 600w, https://www.atelier-andrea-werner.de/wp-content/uploads/2026/02/CE19C84B-7D19-404C-AAA0-8B1656A99147-scaled.jpeg 1920w" sizes="auto, (max-width: 225px) 100vw, 225px" /><img loading="lazy" decoding="async" class="alignnone size-medium wp-image-203" src="https://www.atelier-andrea-werner.de/wp-content/uploads/2026/02/D4A48516-7312-4EE6-BD39-C55D283D8250-225x300.jpeg" alt="" width="225" height="300" srcset="https://www.atelier-andrea-werner.de/wp-content/uploads/2026/02/D4A48516-7312-4EE6-BD39-C55D283D8250-225x300.jpeg 225w, https://www.atelier-andrea-werner.de/wp-content/uploads/2026/02/D4A48516-7312-4EE6-BD39-C55D283D8250-768x1024.jpeg 768w, https://www.atelier-andrea-werner.de/wp-content/uploads/2026/02/D4A48516-7312-4EE6-BD39-C55D283D8250-1152x1536.jpeg 1152w, https://www.atelier-andrea-werner.de/wp-content/uploads/2026/02/D4A48516-7312-4EE6-BD39-C55D283D8250-1536x2048.jpeg 1536w, https://www.atelier-andrea-werner.de/wp-content/uploads/2026/02/D4A48516-7312-4EE6-BD39-C55D283D8250-370x493.jpeg 370w, https://www.atelier-andrea-werner.de/wp-content/uploads/2026/02/D4A48516-7312-4EE6-BD39-C55D283D8250-1040x1387.jpeg 1040w, https://www.atelier-andrea-werner.de/wp-content/uploads/2026/02/D4A48516-7312-4EE6-BD39-C55D283D8250-600x800.jpeg 600w, https://www.atelier-andrea-werner.de/wp-content/uploads/2026/02/D4A48516-7312-4EE6-BD39-C55D283D8250-scaled.jpeg 1920w" sizes="auto, (max-width: 225px) 100vw, 225px" /></p>
<p>Tüllstickerei mit 3-D-Applikationen</p>
<p>Größe 23cm</p>

<p>Tüllstickerei mit 3-D-Applikationen Größe 23cm</p>
